v(o) = o**3 + o - 1. Let s(z) = f(z) + 4*v(z). What is s(a)?
2
Let t(f) = f**2 - 5*f + 10. Let v(x) = 2*x**2 - 12*x + 9. Let n(a) = 5*t(a) - 3*v(a). What is n(14)?
-19
Suppose -3 - 72 = -g. Suppose 14*i - 9*i + g = 0. Let h = 20 + i. Let y(l) = l**2 - 4*l - 7. What is y(h)?
-2
Let n = 3275 - 3272. Let k(j) = j**3 - 2*j**2 + j - 4. Give k(n).
8
Let o(m) be the second derivative of 3/2*m**2 + m - 4/3*m**3 + 1/12*m**4 + 0. Let w(p) = p - 4. Let j be w(8). Determine o(j).
-13
Let j(h) = -9*h + 5*h + 22*h**3 + 3*h + h**2. Let p(r) = 4*r + 41. Let d(y) = -y**3 + 8*y**2 - 14*y + 2. Let o be d(6). Let i be p(o). Give j(i).
22
Let c(a) = a**2 + 14*a + 3. Let b(g) = 2*g**2 + 31*g + 6. Let n(r) = -6*b(r) + 14*c(r). Suppose -24*u = -19*u + 20. What is n(u)?
-2
Suppose -3*k + 8 = -2*k. Let v(g) = 13*g - 68 + 15 + 12*g - g**2 + 20 - 15*g + 23. What is v(k)?
6
Let g(o) = -3*o - 107. Let n(r) = 4*r + 171. Let a(t) = 8*g(t) + 5*n(t). Determine a(-7).
27
Let a(k) = -2*k - 1. Let f = 516 - 496. Suppose c + 29 = 47*n - 43*n, 0 = -4*c - f. Determine a(n).
-13
Let l = 435 - 448. Let g(q) = 4*q**3 - 14*q**2 - 9*q - 19. Let h(a) = -3*a**3 + 14*a**2 + 10*a + 19. Let n(b) = -4*g(b) - 5*h(b). Calculate n(l).
-6
Let m = 1890/13 + -3767/26. Let d(j) be the third derivative of 0*j + 1/120*j**6 + 0 - 16*j**2 + 1/30*j**5 - m*j**3 - 1/8*j**4. Give d(-2).
3
Suppose -73*p + 70*p + 37 = -2*o, 5*p = -5*o + 120. Let d(r) = -r**2 + 24*r - 124. Give d(p).
-5
Let z(y) = -864*y**2 + 431*y**2 - y**3 + 431*y**2 + 3 + 2*y. Let x = -8 + 5. Let i be (-6 - x)/(2/2). Give z(i).
6
Let i = -50 + 52. Let h = 59 + -57. Let l(z) = -146*z**2 - 147*z**h + 2*z - i*z**3 + 290*z**2. Give l(-3).
21
Let r(c) = -c**3 - 27*c**2 + 24*c - 6. Let z(p) = -p**3 - 14*p**2 + 13*p - 3. Let q(b) = -4*r(b) + 7*z(b). Calculate q(3).
-3
Let h(b) = -1 - 8 - 3 + 2*b. Suppose 62*q - 159*q = -450 - 132. What is h(q)?
0
Let s(q) = -q**2 - 20*q - 63. Let t be 2 - 17*(2 + -1). Calculate s(t).
12
Let u(q) be the third derivative of 2 + 1/24*q**4 - 22*q**2 + 2/3*q**3 + 0*q. What is u(-5)?
-1
Let b(l) be the second derivative of 33*l + 2 + 3/2*l**2 + 1/4*l**4 - 1/2*l**3. Let a = 8 - 6. Give b(a).
9
Let k(y) = -60*y - 33. Let h(w) = -7*w - 1. Let a(p) = -18*h(p) + k(p). Calculate a(2).
117
Let s(y) = -y**2 - 68*y - 488. Let l be s(-8). Let n(r) = 3*r + 36. What is n(l)?
12
Let g = 1597 - 1597. Let z(q) be the third derivative of 0*q + g*q**3 + 1/60*q**5 - 1/60*q**6 + 1/24*q**4 + 0 - 9*q**2. Give z(2).
-10
Let i(c) = 1810 + 1883 + 10*c - c**2 - 3550. Determine i(18).
-1
Let h(w) = w**3 - 7*w**2 + 3*w - 8. Let r be h(5). Let g = -40 - r. Suppose -z - g = 2. Let x(a) = a**2 - 6. Give x(z).
19
Let l(x) = -16*x**3 - 2*x**2 + 1. Suppose 4*z + 3*o + 1 = 0, -4 + 2 = -4*z - 2*o. Let v(k) = 2*k**3 - 4*k**2 - 11*k + 21. Let m be v(z). Determine l(m).
15
Let v be ((-12)/(-3))/(9/9) + 9. Let t(x) = -3*x**3 + 39*x**2 - 3*x + 24. Calculate t(v).
-15
Suppose -2*z + 2*h = 7*h + 6, -3*z - 30 = -3*h. Let a be 56/z + 1*2. Let m(r) = -37*r - 152*r + 192*r + 3. Give m(a).
-12
Let h(z) = 3*z + 8. Let g = 253 + -256. Let d be h(g). Let i(a) = -15*a. Determine i(d).
15
Suppose -2*j = -11*j - 36. Let n be 10/(-25) - ((-16)/(-10))/j. Suppose n = -4*p + 10 - 42. Let a(h) = h**3 + 8*h**2 - 8. Determine a(p).
-8
Suppose -d = -3*k + 11, -20 = d - 6*d. Let b(r) = 0*r + 6*r - k*r. Give b(-2).
-2
Let j(o) = -o**3 + o**2 - 6*o**3 - 21 - o + 17 + 3*o + 6*o**3. Give j(-3).
26
Let y(t) = -45*t + 9 - 114*t + 187*t + 5*t**2. What is y(-6)?
21
Let g = 921 + -219. Let p = -699 + g. Let a(i) = i**2 - 3*i + 6. What is a(p)?
6
Let r(p) = p**2 - 8*p - 1. Let y = 93 - 194. Let n = -93 - y. Determine r(n).
-1
Let h(k) be the third derivative of -k**5/30 + 23*k**4/24 + 31*k**3/6 + 6112*k**2. Give h(17).
-156
Let r(m) = 162*m + 180*m - 672*m + 172*m + 185*m + 5. Calculate r(1).
32
Let k(w) = -77*w**2 + 3*w - 25 + 53 + 76*w**2 - 20. Determine k(-3).
-10
Let m(z) be the second derivative of -5*z**2 - 1/12*z**4 - 1 + z**3 - 39*z. What is m(5)?
-5
Let y = -3723 + 3728. Let f(c) = 2*c**2 + 7*c + 4. Let b(z) = z**2 + 6*z + 3. Let w(j) = -3*b(j) + 2*f(j). Give w(y).
4
Suppose 17*l = 16*l + 6. Let z = 1 - l. Let j(p) be the first derivative of -p**3/3 - 5*p**2/2 - 5*p - 13. Give j(z).
-5
Let w(h) = 154*h**2 - 19*h + 124. Let p(k) = -51*k**2 - k - 1. Let o(n) = 3*p(n) + w(n). What is o(14)?
9
Let o(w) = -4*w - 2. Let i(g) = 1 - 42570*g + 42579*g + 2 + 0. Let z(m) = -m**3 - 7*m**2 - 5*m - 1. Let q be z(-6). Let k(d) = q*o(d) - 3*i(d). Calculate k(-6).
-1
Let v(k) = -40*k - 66. Suppose -2*b + 5*y = -0*y + 31, -2*b + y = 11. Let z(h) = -8*h - 14. Let f(r) = b*v(r) + 14*z(r). Determine f(-3).
-22
Let d(k) be the first derivative of -4/3*k**3 + 13/2*k**2 - 14*k - 1/12*k**4 - 14. Let j(a) be the first derivative of d(a). What is j(-9)?
4
Let u(z) = -z + 9. Let g(b) = 3*b - 56. Let t(c) = g(c) + 4*u(c). Calculate t(0).
-20
Let x(m) = -53*m**2 - 7*m + 13. Let a(o) = 7 - 14*o**2 - 3*o**2 - o - 10*o**2 - 3*o. Let k(f) = 11*a(f) - 6*x(f). What is k(-1)?
22
Let s(i) = 28*i**3 - 16*i**2 - 36*i + 9. Let w(p) = -13*p**3 + 8*p**2 + 16*p - 5. Let l(o) = 6*s(o) + 13*w(o). Give l(6).
13
Let c(h) = 3*h**3 - 3*h**2 + 2*h - 1. Let a(k) = 4*k**3 - 4*k**2 + 4*k - 1. Let i(x) = 2*a(x) - 3*c(x). Suppose l - 5 + 3 = 0. Determine i(l).
1
Let w(b) = -b**3 + 50*b**2 + 104*b + 10. Let h be w(52). Let g(a) = 5*a - 44. What is g(h)?
6
Let u(b) = 0*b - 10*b**2 - b - 417 + 402. Let s(r) = 3*r**2 - r + 5. Let q(x) = -7*s(x) - 2*u(x). Calculate q(9).
-5
Let l(j) = 4*j**2 - 18. Let w = 13907 - 13907. Determine l(w).
-18
Let q be (-98)/70 + (-74)/(-10). Let n(j) = -1 + 13*j**2 + j - j**3 - 3 - 8*j**2. Determine n(q).
-34
Let d(g) = 4849 + 4846 - g - 9696. Suppose 4*u + 2*x = 4, u = x + 1 + 6. What is d(u)?
-4
Let t(l) = -l**3 - 11*l**2 + 2*l + 26. Let k be (25 + 16/2)*2/(-6). Let f be t(k). Let n(j) = -2*j + 12. Calculate n(f).
4
Let j(l) = -l**2 - 6*l + 8. Let m = -44 + 48. Suppose 0 = 5*n - m*a + 75, -2*n - 4*a - 92 = -34. Let x = n - -13. What is j(x)?
8
Suppose 3*p + 3 = 9*s, 7*s - p + 1 = 5*s. Let b(w) = w**3 - 4*w**2 + 9*w - 12. What is b(s)?
-2
Let o be (-8190)/1989 + (18/51)/3. Let k(q) be the first derivative of -q**3/3 - 7*q**2/2 - 5*q + 7. Give k(o).
7
Let o(r) = -r**3 + 11*r**2 + 7*r + 59. Let t be o(12). Let j(m) = -m**2 - m - 2. Determine j(t).
-2
Let z(u) = -u. Let k(l) = -3*l. Let t(m) = 2*k(m) - 7*z(m). Suppose -245 = -5*c - 30*c. Give t(c).
7
Let m(t) = -2*t**3 - 49*t**2 - 23*t + 39. Let k(b) = b**3 + 23*b**2 + 11*b - 18. Let l(r) = 13*k(r) + 6*m(r). Calculate l(-2).
2
Let f(g) be the first derivative of 5*g**4/2 + 4*g**3 - 6*g**2 + 193. Determine f(1).
10
Let o(s) = -21*s + 1. Let y(c) = c**2 + 2*c - 30. Let z be y(-7). Let p be 60 - 8 - (-5)/(z/2). Let r = -53 + p. Give o(r).
-20
Let i = 744 + -738. Let t(v) = 75*v**2 - 27*v**2 - i*v - 20*v**2 + 5 - 22*v**2 - v**3. Determine t(5).
0
Let l(m) = -21*m + 132. Let u(f) = f**3 - 27*f**2 + 176*f - 96. Let d be u(17). Calculate l(d).
6
Let i(k) = k**3 + 7*k**2 + k + 2. Let c be i(-7). Let g be (c/(-15))/((-1)/(-9)). Suppose g*b = -4 - 5. Let f(p) = -3*p + 1. Determine f(b).
10
Let k(b) = 2*b + 21. Let j(x) = x + 10. Let n(s) = -s**3 + 7*s**2 - 9*s + 12. Let l be n(6). Let h(o) = l*k(o) + 13*j(o). Give h(0).
4
Let o(s) = 2*s**2 - 2*s - 1. Let d(r) = -9*r**2 + 24*r - 6. Let m(x) = d(x) - 4*o(x). Let l be m(2). Let n(k) = k**2 + 6*k + 5. What is n(l)?
5
Suppose -5 = x - 7. Let s(c) be the first derivative of 2*c**3/3 - c**2 + 3*c - 146. Give s(x).
7
Let x(o) = -4*o**3 - 26*o**2 - 70*o - 34. Let s(z) = 11*z**3 + 81*z**2 + 209*z + 102. Let v(c) = -3*s(c) - 8*x(c). Determine v(-33).
-1
Let q(f) = -f**2 - 19*f - 46. Suppose -3*x - 42 = 2*z, 34*x + 83 = -5*z + 32*x. Determine q(z).
14
Let f(n) = 3*n + 2. Suppose 42*q - 322 = 35*q. Let z = 44 - q. Give f(z).
-4
Let x(g) = -g**3 - 2*g**2 - 28*g - 151. Let k be x(-4). Let p(l) = l**3 + 4*l**2 - 16*l + 44. What is p(k)?
9
Let m = 312 + -287. Let p(d) = -2*d**2 + 3*d - m*d**3 + 0*d**2 + 27*d**3. Determine p(2).
14
Let z = 3881 - 3866. Let p(d) = d**3 - 14*d**2 - 16*d + 5. Give p(z).
-10
Let q(b) be the third derivative of b**6/120 - b**5/20 + b**4/24 + b**2. Suppose -6*n + 60 = -3*n. Let o be -1 - (n + -2)/(-6). Calcul